{"id":2,"date":"2015-12-17T07:57:00","date_gmt":"2015-12-17T06:57:00","guid":{"rendered":"http:\/\/astrofima.ch\/?page_id=2"},"modified":"2016-12-14T19:09:21","modified_gmt":"2016-12-14T18:09:21","slug":"beispiel-seite","status":"publish","type":"page","link":"https:\/\/astrofima.ch\/?page_id=2","title":{"rendered":"Dienstleistungen"},"content":{"rendered":"<p><img loading=\"lazy\" decoding=\"async\" class=\"wp-image-64 aligncenter\" src=\"https:\/\/astrofima.ch\/wp-content\/uploads\/2015\/12\/astrofima_sandwich_small-300x199.jpg\" alt=\"\" width=\"216\" height=\"143\" \/><br \/>\nErn\u00e4hrung von verschiedenen Bev\u00f6lkerungsgruppen wird<br \/>\nheute breit diskutiert. Schlagzeilen \u00fcber \u00dcbergewicht und<br \/>\nUntergewicht wechseln sich ab. Fast mag man das Thema<br \/>\nnicht mehr h\u00f6ren. Und doch geh\u00f6ren Kenntnisse \u00fcber gesunde Ern\u00e4hrung und die Auswahl der richtigen Nahrungsmittel zur<br \/>\nlife science und bilden die Grundlage f\u00fcr einen gesunden K\u00f6rper<br \/>\nund einen wachen Geist.<\/p>\n<p>Ein Thema, das auch aus unserem Leben nicht mehr weg zu-<br \/>\ndenken ist.<\/p>\n<p>Die Menschheit, und Kinder im speziellen werden immer<br \/>\nanspruchsvoller und lassen sich mit ihren Fragen nicht mehr<br \/>\nso leicht abspeisen,..<\/p>\n<p>Schreiben Sie mir!<\/p>\n<p>Gemeinsam erarbeiten wir das auf Ihre Bed\u00fcrfnisse<br \/>\nzugeschnittene Programm oder Vortrag.<\/p>\n<p>Ich freue mich!<\/p>\n<p>Erkennen Sie diese Abbildung?<\/p>\n<p><img loading=\"lazy\" decoding=\"async\" class=\"alignnone size-medium wp-image-23\" src=\"https:\/\/astrofima.ch\/wp-content\/uploads\/2015\/12\/Blog-Lebensmittelpyramide-ex-I_stock-4436672_thumbnail-10.12.09-300x300.jpg\" alt=\"\" width=\"300\" height=\"300\" srcset=\"https:\/\/astrofima.ch\/wp-content\/uploads\/2015\/12\/Blog-Lebensmittelpyramide-ex-I_stock-4436672_thumbnail-10.12.09-300x300.jpg 300w, https:\/\/astrofima.ch\/wp-content\/uploads\/2015\/12\/Blog-Lebensmittelpyramide-ex-I_stock-4436672_thumbnail-10.12.09-150x150.jpg 150w, https:\/\/astrofima.ch\/wp-content\/uploads\/2015\/12\/Blog-Lebensmittelpyramide-ex-I_stock-4436672_thumbnail-10.12.09.jpg 336w\" sizes=\"auto, (max-width: 300px) 100vw, 300px\" \/><\/p>\n<p><img loading=\"lazy\" decoding=\"async\" class=\"wp-image-36 alignright\" src=\"https:\/\/astrofima.ch\/wp-content\/uploads\/2015\/12\/cropped-apfel-mit-Schrift-300x82.jpg\" alt=\"cropped-apfel-mit-Schrift.jpg\" width=\"102\" height=\"28\" srcset=\"https:\/\/astrofima.ch\/wp-content\/uploads\/2015\/12\/cropped-apfel-mit-Schrift-300x82.jpg 300w, https:\/\/astrofima.ch\/wp-content\/uploads\/2015\/12\/cropped-apfel-mit-Schrift-768x209.jpg 768w, https:\/\/astrofima.ch\/wp-content\/uploads\/2015\/12\/cropped-apfel-mit-Schrift-1024x279.jpg 1024w, https:\/\/astrofima.ch\/wp-content\/uploads\/2015\/12\/cropped-apfel-mit-Schrift.jpg 1260w\" sizes=\"auto, (max-width: 102px) 100vw, 102px\" \/><\/p>\n","protected":false},"excerpt":{"rendered":"<p>Ern\u00e4hrung von verschiedenen Bev\u00f6lkerungsgruppen wird heute breit diskutiert. Schlagzeilen \u00fcber \u00dcbergewicht und Untergewicht wechseln sich ab. Fast mag man das Thema nicht mehr h\u00f6ren. Und doch geh\u00f6ren Kenntnisse \u00fcber gesunde Ern\u00e4hrung und die Auswahl der richtigen Nahrungsmittel zur life science und bilden die Grundlage f\u00fcr einen gesunden K\u00f6rper und einen wachen Geist. Ein Thema, das &hellip; <a href=\"https:\/\/astrofima.ch\/?page_id=2\" class=\"more-link\"><span class=\"screen-reader-text\">Dienstleistungen<\/span> weiterlesen <span class=\"meta-nav\">&rarr;<\/span><\/a><\/p>\n","protected":false},"author":1,"featured_media":0,"parent":0,"menu_order":20,"comment_status":"closed","ping_status":"open","template":"page-templates\/full-width.php","meta":{"footnotes":""},"class_list":["post-2","page","type-page","status-publish","hentry"],"_links":{"self":[{"href":"https:\/\/astrofima.ch\/index.php?rest_route=\/wp\/v2\/pages\/2","targetHints":{"allow":["GET"]}}],"collection":[{"href":"https:\/\/astrofima.ch\/index.php?rest_route=\/wp\/v2\/pages"}],"about":[{"href":"https:\/\/astrofima.ch\/index.php?rest_route=\/wp\/v2\/types\/page"}],"author":[{"embeddable":true,"href":"https:\/\/astrofima.ch\/index.php?rest_route=\/wp\/v2\/users\/1"}],"replies":[{"embeddable":true,"href":"https:\/\/astrofima.ch\/index.php?rest_route=%2Fwp%2Fv2%2Fcomments&post=2"}],"version-history":[{"count":20,"href":"https:\/\/astrofima.ch\/index.php?rest_route=\/wp\/v2\/pages\/2\/revisions"}],"predecessor-version":[{"id":122,"href":"https:\/\/astrofima.ch\/index.php?rest_route=\/wp\/v2\/pages\/2\/revisions\/122"}],"wp:attachment":[{"href":"https:\/\/astrofima.ch\/index.php?rest_route=%2Fwp%2Fv2%2Fmedia&parent=2"}],"curies":[{"name":"wp","href":"https:\/\/api.w.org\/{rel}","templated":true}]}}